or of 319464 and 16902.
54
What is the highest common divisor of 16 and 13510864?
16
What is the highest common factor of 7782225 and 6600?
825
What is the highest common factor of 394 and 1643571?
197
Calculate the greatest common divisor of 423794764 and 566.
566
Calculate the greatest common factor of 3021 and 45189708.
159
Calculate the greatest common divisor of 2045 and 9773.
1
Calculate the greatest common factor of 13680283 and 443.
443
Calculate the greatest common factor of 6976984 and 204848.
1736
What is the greatest common divisor of 11520 and 2353410?
90
Calculate the greatest common factor of 2659809 and 501.
501
Calculate the greatest common divisor of 253386 and 45598.
14
What is the highest common divisor of 15266 and 849303?
17
Calculate the highest common divisor of 138 and 59082108.
6
What is the greatest common factor of 53 and 147771473?
53
What is the greatest common divisor of 33064152 and 264?
264
What is the highest common divisor of 26171683 and 76?
19
What is the highest common divisor of 19974747 and 637377?
10803
What is the highest common divisor of 1859117 and 581?
83
Calculate the highest common factor of 1327555166 and 14.
14
Calculate the highest common factor of 2112 and 18415452.
132
Calculate the greatest common divisor of 5127564 and 13.
13
Calculate the greatest common divisor of 13904 and 6836976.
1264
What is the highest common factor of 1200 and 1067775?
75
What is the greatest common divisor of 23054727 and 302124?
4443
What is the highest common factor of 70509 and 54587573?
1237
What is the greatest common divisor of 130104090 and 150?
30
Calculate the highest common factor of 131829 and 1122.
3
What is the greatest common factor of 103095430 and 690?
230
Calculate the highest common divisor of 165 and 3255351.
33
What is the highest common factor of 1315269888 and 96?
96
Calculate the greatest common divisor of 3085152 and 27168.
96
Calculate the greatest common divisor of 622200 and 863328.
408
Calculate the greatest common divisor of 585625 and 1261202.
937
What is the greatest common factor of 33310378 and 476?
34
What is the highest common divisor of 3133048 and 32?
8
What is the greatest common factor of 13 and 54374567?
13
Calculate the greatest common factor of 10232290 and 1250.
10
What is the highest common divisor of 10 and 555178760?
10
Calculate the highest common factor of 8262 and 135955341.
4131
Calculate the greatest common divisor of 19334080 and 4340.
620
What is the highest common divisor of 294 and 12179419?
7
What is the highest common divisor of 17604 and 978652?
652
Calculate the highest common divisor of 53517670 and 710.
710
Calculate the highest common factor of 4932 and 1912794.
822
Calculate the greatest common divisor of 637440 and 1020.
60
What is the highest common divisor of 122877 and 8693927?
1517
Calculate the highest common factor of 1579905 and 77355.
405
What is the greatest common divisor of 50 and 1563241000?
50
Calculate the greatest common factor of 2060 and 59214803.
103
Calculate the greatest common factor of 336 and 2720816.
112
What is the greatest common divisor of 1634 and 31273126?
1634
Calculate the greatest common divisor of 27322605 and 5020.
1255
Calculate the greatest common factor of 3068475032 and 7.
7
What is the greatest common factor of 2964 and 275260752?
2964
What is the highest common factor of 66 and 50625289?
11
What is the highest common factor of 3824301 and 2067?
39
What is the highest common factor of 2994371 and 446723?
4423
Calculate the greatest common factor of 65 and 53992120.
65
Calculate the highest common factor of 18338 and 2001125081.
9169
What is the highest common factor of 26440443 and 9?
9
What is the greatest common divisor of 2938206 and 137046?
1506
Calculate the greatest common divisor of 23205 and 777049.
91
Calculate the greatest common factor of 4116564 and 1107.
369
What is the highest common divisor of 1765781 and 29?
29
Calculate the greatest common factor of 1218 and 3263457.
87
Calculate the greatest common factor of 93122665 and 2570.
1285
Calculate the highest common factor of 81725 and 152709.
467
What is the greatest common divisor of 21502 and 106869902?
1654
Calculate the greatest common divisor of 2063657 and 229043.
227
Calculate the highest common factor of 1990 and 18132880.
1990
What is the highest common factor of 72 and 1826802?
18
Calculate the greatest common factor of 2002 and 540826.
286
Calculate the highest common divisor of 140 and 2609848.
4
What is the highest common divisor of 109327 and 146387?
1853
What is the greatest common factor of 5471040 and 15416?
328
What is the highest common factor of 41900 and 7340880?
8380
Calculate the highest common divisor of 1326043 and 1961.
37
Calculate the greatest common factor of 64085300 and 100.
100
What is the greatest common divisor of 1694 and 6219466?
22
What is the greatest common divisor of 2202 and 107463472?
734
What is the greatest common factor of 2327118 and 324?
6
What is the highest common factor of 43794 and 94166832?
4866
What is the highest common factor of 1629340357 and 607?
607
What is the greatest common divisor of 45 and 23607099?
9
Calculate the greatest common factor of 516 and 270774483.
129
Calculate the highest common factor of 1135559553 and 3.
3
What is the highest common factor of 31313550 and 15?
15
What is the highest common divisor of 7904 and 380224?
416
What is the highest common factor of 1677 and 7922707?
559
What is the highest common divisor of 735276 and 31666?
142
Calculate the greatest common divisor of 6270 and 932349.
627
What is the highest common divisor of 79981662 and 174?
6
Calculate the highest common factor of 4115098 and 5382.
26
What is the highest common factor of 1648225502 and 6314?
6314
What is the greatest common divisor of 272448 and 1254?
66
Calculate the highest common factor of 2954412 and 216.
36
What is the highest common divisor of 54003 and 4596?
1149
Calculate the highest common divisor of 199994 and 219488.
722
Calculate the highest common divisor of 2690 and 9660328.
538
What is the greatest common divisor of 1246463 and 58020?
967
What is the greatest common divisor of 4831240 and 320?
40
What is the highest common factor of 404 and 17769334?
202
Calculate the highest common factor of 12493161 and 171.
9
What is the highest common factor of 789299980 and 140?
140
What is the greatest common factor of 18532974 and 6330?
1266
What is the highest common factor of 2196996 and 1115?
223
What is the greatest common divisor of 1195315 and 4642?
2321
What is the greatest common factor of 402505 and 66755?
395
Calculate the greatest common divisor of 456 and 20009616.
24
Calculate the greatest common factor of 50 and 5594960.
10
What is the greatest common divisor of 14260 and 82639552?
2852
Calculate the highest common factor of 210426144 and 596.
596
What is the greatest common factor of 515 and 535500?
5
Calculate the greatest common factor of 88650 and 115442.
394
Calculate the greatest common factor of 608267 and 9075.
121
What is the highest common factor of 1830266 and 29621?
1559
Calculate the highest common divisor of 79235 and 4353049.
1219
What is the highest common factor of 12190 and 156350?
530
Calculate the greatest common factor of 88503 and 849.
3
What is the highest common factor of 120581102 and 323?
17
What is the highest common divisor of 85739 and 4734239?
1033
Calculate the highest common divisor of 4497020820 and 45.
45
Calculate the greatest common divisor of 9554150 and 106800.
4450
What is the highest common factor of 2155839 and 7028?
1757
Calculate the greatest common divisor of 4004572 and 550.
22
Calculate the greatest common divisor of 23715 and 4574205.
1395
Calculate the highest common divisor of 25 and 130559300.
25
What is the greatest common factor of 12728367 and 1182?
591
What is the greatest common divisor of 7461 and 17757?
9
What is the highest common factor of 6591200 and 15?
5
Calculate the highest common factor of 10488197 and 32787.
3643
Calculate the greatest common factor of 8944137 and 12.
3
What is the greatest common factor of 742 and 1327536?
14
Calculate the greatest common factor of 581600826 and 1476.
738
Calculate the hig